158?
2, 3, 33577
List the prime factors of 76584341.
61, 197, 6373
What are the prime factors of 1714788390?
2, 3, 5, 7, 59, 138401
What are the prime factors of 43654953?
3, 1231, 11821
What are the prime factors of 60401622?
2, 3, 2213, 4549
What are the prime factors of 121601302?
2, 233, 457, 571
List the prime factors of 1470532741.
443, 1153, 2879
What are the prime factors of 2456352433?
19, 129281707
List the prime factors of 157040680.
2, 5, 3926017
What are the prime factors of 4979978607?
3, 23, 6569, 10987
What are the prime factors of 75277649?
17, 29, 43, 53, 67
List the prime factors of 346165732.
2, 11, 23, 342061
List the prime factors of 457591230.
2, 3, 5, 1823, 2789
List the prime factors of 32781577.
311, 105407
What are the prime factors of 5870291657?
31, 189364247
What are the prime factors of 1765582272?
2, 3, 340583
What are the prime factors of 8553993555?
3, 5, 29, 37, 107, 4967
List the prime factors of 853613500.
2, 5, 67, 83, 307
List the prime factors of 721781299.
721781299
List the prime factors of 7238052815.
5, 7, 206801509
What are the prime factors of 331103445?
3, 5, 22073563
List the prime factors of 3186372466.
2, 19, 67, 401, 3121
What are the prime factors of 4850817426?
2, 3, 7, 13, 423061
List the prime factors of 2425534122.
2, 3, 11, 3947, 9311
What are the prime factors of 1810025314?
2, 29, 31207333
List the prime factors of 6686221.
6686221
What are the prime factors of 2497385721?
3, 29, 28705583
What are the prime factors of 8935087?
7, 1276441
What are the prime factors of 4643251122?
2, 3, 19, 40730273
What are the prime factors of 507088823?
241, 2104103
What are the prime factors of 32360705?
5, 13, 19, 26203
List the prime factors of 181175708.
2, 7, 6470561
List the prime factors of 1499007667.
6547, 228961
What are the prime factors of 919835706?
2, 3, 149, 691, 1489
What are the prime factors of 188837621?
7, 293, 1879
List the prime factors of 36462102.
2, 3, 19, 227, 1409
List the prime factors of 139526613.
3, 881, 17597
What are the prime factors of 968502047?
37, 107, 244633
List the prime factors of 1036800706.
2, 149, 229, 15193
What are the prime factors of 338084898?
2, 3, 19, 191, 15527
What are the prime factors of 766662101?
97, 883, 8951
What are the prime factors of 42744124?
2, 67, 349, 457
List the prime factors of 2245709.
103, 21803
List the prime factors of 2363366674.
2, 1181683337
List the prime factors of 3878319413.
3878319413
List the prime factors of 4698611688.
2, 3, 19, 1867, 5519
What are the prime factors of 62768144?
2, 3923009
What are the prime factors of 2594329689?
3, 7, 23, 5371283
List the prime factors of 1329103052.
2, 31, 197, 54409
List the prime factors of 73956306.
2, 3, 53, 232567
List the prime factors of 146354900.
2, 5, 223, 6563
What are the prime factors of 3163468751?
3163468751
List the prime factors of 7108892968.
2, 31, 53, 557, 971
What are the prime factors of 277128411?
3, 7, 1933, 6827
What are the prime factors of 7639971312?
2, 3, 641, 248309
What are the prime factors of 304610051?
304610051
What are the prime factors of 132691257?
3, 89, 55219
List the prime factors of 120234478.
2, 7, 13, 23, 28723
List the prime factors of 209217507.
3, 69739169
List the prime factors of 2451306000.
2, 3, 5, 11, 13, 2857
List the prime factors of 75383639.
75383639
List the prime factors of 5878196076.
2, 3, 41, 173, 69061
List the prime factors of 148312615.
5, 11, 2696593
What are the prime factors of 2853646047?
3, 7, 45295969
List the prime factors of 40200906.
2, 3, 991, 6761
List the prime factors of 116349238.
2, 37, 1572287
List the prime factors of 255517509.
3, 13, 6551731
List the prime factors of 1084820993.
1084820993
List the prime factors of 264846335.
5, 13, 4074559
List the prime factors of 693396688.
2, 43337293
What are the prime factors of 2749787870?
2, 5, 53, 67, 211, 367
List the prime factors of 41234833.
1063, 38791
What are the prime factors of 1569030407?
7, 179, 1252219
What are the prime factors of 16354610?
2, 5, 23, 211, 337
List the prime factors of 479398055.
5, 89, 1077299
List the prime factors of 727346792.
2, 90918349
List the prime factors of 60107235.
3, 5, 4007149
What are the prime factors of 62470974?
2, 3, 19, 443, 1237
List the prime factors of 1319915522.
2, 19, 709, 48991
List the prime factors of 253045620.
2, 3, 5, 52067
List the prime factors of 129456643.
71, 137, 13309
What are the prime factors of 57952611?
3, 2146393
What are the prime factors of 5727239?
7, 29, 89, 317
What are the prime factors of 41964021?
3, 11, 229, 617
What are the prime factors of 22239804?
2, 3, 19, 23, 4241
What are the prime factors of 47878472?
2, 2273, 2633
List the prime factors of 292728428.
2, 7853, 9319
List the prime factors of 142055748.
2, 3, 89, 14779
What are the prime factors of 280550261?
197, 7229
List the prime factors of 5387417018.
2, 47, 57312947
What are the prime factors of 71860483?
1087, 66109
List the prime factors of 17290057.
19, 910003
List the prime factors of 1002418502.
2, 167, 3001253
What are the prime factors of 471588155?
5, 83, 1136357
List the prime factors of 37965988.
2, 29, 137, 2389
List the prime factors of 117346067.
31, 3785357
List the prime factors of 2708347269.
3, 59, 15301397
What are the prime factors of 123792915?
3, 5, 43, 59, 3253
List the prime factors of 735232263.
3, 245077421
What are the prime factors of 59775457?
7, 67, 127453
What are the prime factors of 1278286786?
2, 7, 1321, 69119
List the prime factors of 120916486.
2, 29, 2084767
What are the prime factors of 2754783581?
11, 17, 197, 74779
What are the prime factors of 691750086?
2, 3, 2347, 49123
What are the prime factors of 70067511?
3, 43, 20117
What are the prime factors of 154780163?
29, 184043
List the prime factors of 76218128.
2, 7, 67, 1451
List the prime factors of 646953218.
2, 14177, 22817
What are the prime factors of 2171446797?
3, 13, 41, 59, 23017
What are the prime factors of 94643788?
2, 19, 59, 21107
What are the prime factors of 64857288?
2, 3, 73, 37019
What are the prime factors of 51191418?
2, 3, 8531903
What are the prime factors of 299489981?
7, 313, 136691
List the prime factors of 48061987.
3833, 12539
List the prime factors of 1173370628.
2, 293342657
What are the prime factors of 4842255579?
3, 7, 61, 3780059
List the prime factors of 30649348.
2, 7662337
What are the prime factors of 577513927?
577513927
List the prime factors of 90472613.
7, 11, 1174969
List the prime factors of 476838273.
3, 167, 479, 1987
What are the prime factors of 15297216?
2, 3, 11, 7243
List the prime factors of 548780368.
2, 23, 2819
What are the prime factors of 6112978?
2, 3056489
List the prime factors of 82634656.
2, 13, 198641
What are the prime factors of 783129718?
2, 7, 17, 617, 5333
List the prime factors of 76996971.
3, 2239, 3821
List the prime factors of 164256777.
3, 23, 793511
What are the prime factors of 3122511493?
61, 51188713
What are the prime factors of 168607320?
2, 3, 5, 7, 200723
List the prime factors of 389922275.
5, 19, 79, 10391
List the prime factors of 217427712.
2, 3, 89, 3181
What are the prime factors of 241436637?
3, 13, 2063561
What are the prime factors of 168651273?
3, 7, 103, 757
List the prime factors of 309956703.
3, 7, 2108549
What are the prime factors of 811465997?
151, 163, 32969
What are the prime factors of 514647371?
7, 97, 233, 3253
List the prime factors of 1719513464.
2, 59, 89, 40933
What are the prime factors of 48470433?
3, 11, 1468801
List the prime factors of 51039043.
11, 29, 193, 829
What are the prime factors of 413471677?
197, 2098841
What are the prime factors of 100243772?
2, 19, 1318997
List the prime factors of 862604127.
3, 7, 11, 414913
What are the prime factors of 1719811707?
3, 31, 41, 451039
What are the prime factors of 3165934459?
3165934459
List the prime factors of 1926645993.
3, 181, 131413
What are the prime factors of 1973120873?
19, 9931, 10457
List the prime factors of 1493826860.
2, 5, 74691343
List the prime factors of 14046301.
17, 19, 43487
What are the prime factors of 5003807253?
3, 36997, 45083
What are the prime factors of 2088102039?
3, 696034013
List the prime factors of 341098529.
59, 5781331
List th